= 1203*n - 194764. What is x(162)?
122
Let q(j) = 36*j**2 + 4275*j - 1102. What is q(-119)?
-31
Let j(w) = -w**3 + 7*w**2 - 844*w + 8729. Determine j(10).
-11
Let i(z) = 2411*z - 4610. Calculate i(4).
5034
Let r(s) = 2*s**3 + 46*s**2 + 288*s - 50. What is r(-21)?
-4334
Let k(f) = 170749*f + 1024500. Determine k(-6).
6
Let i(s) = -597*s - 30496. Give i(-51).
-49
Let g(r) = -164*r + 1411. Determine g(8).
99
Let t(l) = -17*l**3 - 118*l**2 + 59*l + 298. Determine t(-7).
-66
Let i(m) = 3*m**2 - 1865*m - 356505. Calculate i(775).
-5
Let k(x) = 9*x**2 + 1798*x + 16717. Determine k(-190).
-3
Let y(o) = -2*o**3 + 93*o**2 - 169*o + 5691. Calculate y(46).
33
Let d(c) = -10*c**3 - 1208*c**2 + 2694*c - 1551. Determine d(-123).
-75
Let o(y) = -2*y**3 + 112*y**2 + 107*y + 265. What is o(57)?
-134
Let i(u) = 6*u**3 - 145*u**2 + 34*u - 258. What is i(24)?
-18
Let u(p) = 22*p**2 - 118*p - 230. What is u(6)?
-146
Let i(o) = 5*o**2 + 66*o - 965. What is i(-21)?
-146
Let y(k) = -26*k**2 + 3160*k + 1407. Give y(122).
-57
Let g(p) = -p**3 - 36*p**2 + 440*p + 84. Determine g(10).
-116
Let v(d) = -42*d**2 + 33748*d + 16066. Give v(804).
-14
Let s(v) = 1341*v**2 - 171642*v - 772. What is s(128)?
-4
Let x(g) = g**3 + 62*g**2 - 10*g + 4092. Determine x(-63).
753
Let p(l) = -l**3 + 690*l**2 - 40336*l + 170275. Give p(626).
3
Let k(h) = 999*h - 80883. Determine k(81).
36
Let m(b) = 8*b**3 - 511*b**2 - 589*b + 295. What is m(65)?
35
Let w(s) = 5301*s - 323429. What is w(61)?
-68
Let p(d) = -d**3 - 292*d**2 - 11312*d + 813. Determine p(-246).
-171
Let l(a) = a**3 - 256*a**2 - 1844*a + 908. Determine l(263).
119
Let h(r) = -r**3 + 20*r**2 + 1338*r + 350. Give h(48).
62
Let y(f) = 90551*f - 1358265. What is y(15)?
0
Let w(d) = d**3 + 408*d**2 + 9223*d + 177. What is w(-24)?
9
Let a(g) = -g**2 + 2138*g + 122891. Give a(-56).
27
Let i(k) = 8*k**3 + 271*k**2 - 171*k - 4654. Calculate i(-34).
4
Let x(i) = 87528*i - 525200. Give x(6).
-32
Let g(h) = -5*h**2 - 289*h - 315. Calculate g(-57).
-87
Let s(z) = -3*z**2 - 105*z + 4746. Calculate s(-61).
-12
Let z(j) = j**2 - 8948*j + 630232. Determine z(71).
-35
Let a(v) = 34*v**2 + 1970*v + 60. What is a(-58)?
176
Let b(a) = 49*a + 1879. What is b(-48)?
-473
Let z(x) = 89221*x - 981436. Determine z(11).
-5
Let v(x) = 5*x**2 - 733*x + 9415. Calculate v(14).
133
Let g(v) = -v**2 - 738*v - 122717. Determine g(-485).
-12
Let u(t) = -4*t**3 - 353*t**2 + 264*t - 166. Calculate u(-89).
101
Let u(z) = z**3 + 71*z**2 - 230*z + 5236. What is u(-75)?
-14
Let n(y) = -5859*y - 1974485. Determine n(-337).
-2
Let z(h) = -4*h**2 - 68*h - 512. Give z(-7).
-232
Let c(k) = 8409*k - 2093834. Determine c(249).
7
Let g(m) = -m**3 + 241*m**2 + 674*m - 104491. Calculate g(242).
53
Let h(t) = 2848*t + 23146. Give h(-8).
362
Let u(i) = -6*i**3 - 37*i**2 - 1237*i - 7374. Calculate u(-6).
12
Let b(a) = 2*a**3 - 16*a**2 - 452*a + 2246. Give b(5).
-164
Let g(u) = 31843*u + 191077. Calculate g(-6).
19
Let n(a) = -296*a - 6767. Give n(-28).
1521
Let j(q) = 455*q - 160608. Calculate j(352).
-448
Let x(g) = -8*g**2 - 21*g + 801. Give x(-22).
-2609
Let n(c) = 49*c + 8174. Determine n(-168).
-58
Let y(v) = v**2 - 3181*v - 145178. Determine y(-45).
-8
Let t(f) = -f - 254. What is t(-65)?
-189
Let u(i) = -i**3 - 279*i**2 + 21961*i + 97. Give u(64).
673
Let t(y) = -5809*y - 853926. Calculate t(-147).
-3
Let p(r) = -264*r + 6143. What is p(25)?
-457
Let l(a) = a**3 + 24*a**2 + 915*a + 19176. Give l(-22).
14
Let w(v) = -2*v**3 - 359*v**2 - 189*v - 2074. Give w(-179).
-284
Let x(i) = 2*i**2 + 241*i + 6451. What is x(-82)?
137
Let r(g) = 43096*g - 387862. Calculate r(9).
2
Let f(y) = -y**3 - 106*y**2 + 84*y - 2804. What is f(-107)?
-343
Let v(y) = y**2 + 116*y + 1190. What is v(-10)?
130
Let m(n) = -n**2 - 9820*n + 246138. Calculate m(25).
13
Let q(j) = 8*j**3 - 12243*j**2 - 24501*j - 24. Determine q(-2).
-58
Let f(j) = j**2 - 5042*j + 20152. Give f(4).
0
Let b(w) = 2*w**3 + 4*w**2 - 69*w + 269. Give b(6).
431
Let l(y) = 1081*y - 4387. Calculate l(4).
-63
Let p(w) = -w**2 - 2192*w + 586870. Give p(241).
517
Let t(p) = 2*p**3 + 347*p**2 - 3666*p - 46. Determine t(10).
-6
Let u(q) = q**3 - 110*q**2 - 2180*q + 2518. Determine u(127).
-149
Let q(n) = -2*n**2 + 81*n - 402. Calculate q(15).
363
Let u(y) = -6*y**3 + 130*y**2 + 71*y - 446. Determine u(22).
148
Let u(l) = -90524*l + 272293. What is u(3)?
721
Let s(l) = 120*l**2 - 755*l - 27. Calculate s(7).
568
Let l(q) = -23*q**3 + 1061*q**2 - 147*q + 424. Calculate l(46).
10
Let p(i) = i**2 - 14*i - 680. Determine p(-17).
-153
Let w(h) = 2*h**3 + 122*h**2 - 391*h + 14. Calculate w(-64).
462
Let q(n) = 4*n**3 + 147*n**2 - 56*n + 234. What is q(-38)?
-4858
Let c(x) = -73658*x - 4714131. Calculate c(-64).
-19
Let t(d) = 14634*d - 146760. Calculate t(10).
-420
Let q(z) = 13377*z - 307661. Calculate q(23).
10
Let x(z) = -3*z**3 + 26*z**2 - 158*z + 41. Give x(5).
-474
Let r(p) = p**3 - 40*p**2 + 388*p - 326. Determine r(25).
-1
Let t(z) = 25*z**2 - 237*z - 531. Determine t(11).
-113
Let q(i) = -5*i**3 + 39519*i**2 - 552284*i - 30. Determine q(14).
-2
Let c(q) = -31946*q - 190767. Give c(-6).
909
Let z(v) = -13049*v - 78309. Determine z(-6).
-15
Let b(c) = c**2 + 412*c + 41131. Determine b(-242).
-9
Let h(q) = -q**2 - 13638*q + 368958. Calculate h(27).
3
Let v(w) = -2*w**2 - 48*w + 923. What is v(-37)?
-39
Let b(f) = f**2 + 798*f + 148433. What is b(-297)?
-364
Let b(n) = -3*n**2 + 566*n - 19093. Determine b(44).
3
Let d(m) = -9592*m + 326115. Give d(34).
-13
Let a(f) = 131*f - 29319. Calculate a(225).
156
Let h(j) = j**3 - 313*j**2 - 4308*j + 22828. Give h(326).
8
Let r(t) = t**2 - 763*t + 144670. Determine r(352).
-2
Let m(s) = s**3 + 253*s**2 + 10002*s + 1294. Give m(-204).
70
Let y(o) = o**2 + 2095*o + 833594. Determine y(-534).
20
Let j(h) = 371*h**2 - 109076*h + 611. What is j(294)?
23
Let x(c) = -c**3 + 1570*c**2 - 61211*c + 16831. What is x(1530)?
1
Let s(v) = 1646*v + 1597. Give s(-1).
-49
Let f(q) = 1770*q**2 + 38928*q - 17. Determine f(-22).
247
Let r(q) = 12000*q - 2603991. Calculate r(217).
9
Let v(j) = 43*j**2 - 39*j + 11. Give v(3).
281
Let l(h) = 12246*h - 9613101. What is l(785)?
9
Let m(r) = 5261*r + 1515170. Determine m(-288).
2
Let d(b) = 2879*b + 51538. Determine d(-18).
-284
Let z(k) = 5*k**2 - 3017*k - 292568. What is z(-85)?
2
Let y(n) = -6*n**3 - 61*n**2 - n - 33. Calculate y(-11).
583
Let q(r) = -r**3 - 31*r**2 - 180*r + 330. Calculate q(-23).
238
Let t(l) = -l**3 + 83*l**2 - 164*l + 8529. Give t(82).
1805
Let c(d) = 76*d - 15718. Calculate c(192).
-1126
Let y(c) = 542*c - 5018. Calculate y(6).
-1766
Let p(k) = 59441*k - 1367142. Calculate p(23).
1
Let c(y) = -10*y**2 + 833*y - 10413. Determine c(68).
-9
Let h(o) = o**2 + 1498*o - 114140. Calculate h(73).
543
Let m(s) = -59*s**3 + 142*s**2 + 545*s - 2. Determine m(-4).
3866
Let h(i) = 503*i + 14106. What is h(-28)?
22
Let p(k) = 2*k**3 - 63*k**2 + 4802*k - 117423. Determine p(26).
-7
Let h(g) = -904*g + 5788. What is h(6)?
364
Let g(l) = -2174*l - 256598. Determine g(-118).
-66
Let y(v) = 149*v - 3547. Calculate y(21).
-418
Let u(q) = -234111*q - 468365. Calculate u(-2).
-143
Let t(y) = 4*y**3 - 46*y**2 + 921*y - 5587. Determine t(7).
-22
Let u(g) = 10417*g + 73705. Give u(-7).
786
Let s(u) = 80069*u + 720660. What is s(-9)?
39
Let x(b) = -37*b**2 + 1627*b + 85. What is x(44)?
41
Let w(c) = -12*c**3 + 94*c**2 + 240*c + 31. Calculate w(10).
-169
Let m(r) = -r**3 - 273*r**2 - 1078*r - 332. Give m(-269).
206
Let n(w) = 14028*w + 378760. What is n(-27)?
4
Let s(z) = -4*z**2 + 15422*z + 61695. Give s(-4).
-57
Let m(w) = -2719*w - 201284. What is m(-74)?
-78
Let s(u) = -242*u**2 - 719*u - 50. Calculate s(-3).
-71
Let n(a) = -53*a + 1494. What is n(22)?
328
Let k(b) = -717*b - 92416. Give k(-129).
77
Let c(b) = 12055*b - 84481. Calculate c(7).
-96
Let f(w) = -w**3 - 81*w**2 - 365*w + 1176. Give f(-76).
36
Let j(y) = -149*y**2 + 2585*y - 9576. Calculate j(12).
-12
Let o(j) = j**3 + 73*j**2 - 9337*j + 53196. Determine o(6).
18
Let g(b) = -1229*b - 9846. Calculate g(-8).
-14
Let q(v) = -3786*v - 564105. Calculate q(-149).
9
Let x(c) = 408*c - 23483. What is x(71)?
5485
Let y(w) = 7*w**2 + 429*w + 11. Calculate y(-58).
-1323
Let p(s) = 359*s - 23133. What is p(68)?
1279
Let 